ens digit of v?
1
Let k = 25 - 22. Let z(m) = 7*m**2 - 4*m + 4. What is the units digit of z(k)?
5
Let t(s) = -3*s + 2. Let f be t(3). Let i(x) = -2*x**3 - 11*x**2 - 11*x + 3. What is the units digit of i(f)?
7
Suppose -5*r = 0, 3*w - 6369 = 3*r - 8*r. What is the tens digit of w?
2
Let i(v) = 17*v + 958. What is the tens digit of i(0)?
5
Let o(w) = 535*w + 40. What is the hundreds digit of o(2)?
1
What is the hundreds digit of (-6495)/12*(-48)/5?
1
Let t(o) = -o**2 + 2*o - 6. Let d(h) = h**2 - h + 1. Let f(q) = -2*d(q) - t(q). Let r be f(4). What is the units digit of r/36 + 80/6?
3
Let m = 562 - 247. What is the tens digit of m?
1
Suppose -17*m + 25506 - 7384 = 0. What is the tens digit of m?
6
What is the thousands digit of (80283/42)/(6/12)?
3
Suppose -2*k + 52 = 2*k. Suppose -k*m = -18*m - 60. What is the units digit of (-3)/(-2)*(-64)/m?
8
Let f(d) = 3*d**2 - 22*d - 3. Let k be f(10). Suppose 8*j - 4*u - 357 = 3*j, -j = 2*u - k. What is the units digit of j?
3
What is the hundreds digit of (-24 - -21)*2260/(-6)?
1
Suppose -22*c + 510 = -19*c. Let b = c + -55. What is the tens digit of b?
1
Let h(d) = -4*d - 4. Let n be h(-5). Suppose 3*c + 3*l + 2 = 2*c, 0 = -2*c - 2*l + n. What is the tens digit of c?
1
Suppose -2*c - 4 = 42. Let q(w) = 5*w + 59. Let l be q(-14). Let z = l - c. What is the tens digit of z?
1
Suppose k - 5 = -3. What is the tens digit of k - (-227)/(3/(-9)*-3)?
2
Let o = 2310 - 1634. What is the tens digit of o?
7
Suppose -6*s + s + 25 = 0. Let z(p) = p + 3. What is the units digit of z(s)?
8
Suppose 0 = 38*v - 14047 - 12325. What is the units digit of v?
4
Let z(m) be the first derivative of -239*m**4/4 - m**3/3 - m**2/2 - 23. What is the hundreds digit of z(-1)?
2
Let k(x) = x**2 + 4*x - 10. Let r be k(-9). Suppose r*g = 36*g - 335. What is the hundreds digit of g?
3
Let w be 4*(-3)/(-4) + 33. Let g = 38 - w. What is the units digit of g?
2
Suppose -u = 11 - 21. Suppose -u*x = -13*x + 546. What is the hundreds digit of x?
1
Suppose 2*t - 9*s + 5*s - 130 = 0, 4*s - 114 = -2*t. What is the units digit of t?
1
Suppose -3*s + 1737 = -3*c, 0 = -2*s - 7*c + 6*c + 1164. What is the units digit of s?
1
Let k = -47 - -22. Let r = 16 + k. Let s = r + 11. What is the units digit of s?
2
Suppose 84*r + 70181 = 250613. What is the hundreds digit of r?
1
Suppose 0*f - 4*f = 32. Suppose -5*c + r = 160, 5*c - 8*c + 2*r = 103. Let q = f - c. What is the units digit of q?
3
Suppose 3*o = -v + 2491, 0 = 3*o + 2*v + 3*v - 2495. What is the tens digit of o?
3
Suppose -6*y + 4*y + 72 = 0. Let a = -17 + y. What is the units digit of a?
9
Let m be (-9)/6 - (-1)/(-2). Let h be 2*(-5 + 4)*m. Let i = h + 5. What is the units digit of i?
9
Let j be (-10)/45 - 11/(-9). Let z = j - -7. What is the units digit of z?
8
Suppose -1077 - 799 = -3*a + 5*r, a + 2*r = 607. What is the hundreds digit of a?
6
Suppose 7*y = 3*y + 8. Suppose -2*p + 11 = 2*p - 3*i, y*p + 2 = 4*i. Suppose -4*g - 36 - 104 = -4*a, 2*g = -p*a + 210. What is the units digit of a?
0
Let k be 2/((-24)/9 - -3). Let m be (k/(-5))/((-18)/(-60)). Let z = m + 32. What is the units digit of z?
8
Let p = 2429 + -1666. What is the units digit of p?
3
Let g be 28/(-35) - (-436)/(-5). Let o = -57 - g. What is the units digit of o + (-2 + 2 - 1)?
0
Suppose 4*p = -1 + 13. Suppose p*j = 8*j - 200. Let c = j - 25. What is the tens digit of c?
1
Let a(d) = -d**2 - 14*d + 3. Suppose 5*n = -20 - 50. Let o be a(n). Suppose -3*r + 147 = o*h, -r + 139 = 3*h - 2*r. What is the units digit of h?
7
Let c be (28*-1)/1 - -2. Let z = c + 31. Suppose -70 = -n - z*a, -a = -5*n + n + 238. What is the units digit of n?
0
Suppose -l - a + 152 = 2*l, 4*l - 3*a = 220. Suppose 4*g = -l + 368. What is the units digit of g?
9
What is the tens digit of 1 - ((-4 - -10) + -261)?
5
Suppose i + 614 = 5*v - 311, -555 = -3*v + 5*i. What is the units digit of v?
5
Let q(y) = 1 + 3 + 6*y + 5 - 3. What is the tens digit of q(6)?
4
Suppose 0 = 6*c + 8 - 20. Suppose 3*l - 338 = 2*h, c*l - 2*h = 3*h + 207. What is the hundreds digit of l?
1
Suppose 5*d + 575 = 5*m, -m + 4*d = 7*d - 115. What is the units digit of m?
5
Suppose 12764 + 6718 = 6*v. What is the thousands digit of v?
3
Let l be (-2100)/(-95) - (-6)/(-57). Let k be 61/(-7) + (-2)/7. Let m = k + l. What is the units digit of m?
3
Suppose -2*t + 3 = k - 4, -5*t + 4*k + 11 = 0. Suppose 83 = -5*u + 3*h, -4*h - 35 - 9 = t*u. What is the tens digit of 60/3 - u/(-4)?
1
Suppose -2*f + 5*s = -305 - 478, 397 = f + 3*s. What is the units digit of f?
4
Let c(a) = a**2 + 5*a + 1. Let o be c(-9). Let t = o + -83. Let v = t - -83. What is the tens digit of v?
3
Suppose -3*x - 3*a + 33 = x, -2*x + 3*a + 3 = 0. Suppose o = x*o - 15. Suppose 5*l = -o*u + 2*l + 138, l = -5. What is the tens digit of u?
5
Suppose 25 = 5*t, 12*t - 16*t - 951 = -a. What is the tens digit of a?
7
Suppose 0 = -9*r + 2958 - 744. What is the tens digit of r?
4
Let k(h) = -50*h + 8. Let w be k(3). Let j = w + 202. What is the tens digit of j?
6
Suppose l - 40 = 3*k, 0 = -2*k + 4*k - 4*l + 20. Let h = -12 - k. Suppose -4*y = h*b - 18, -y + 0*b = -3*b - 15. What is the units digit of y?
6
Let x = -17 + 19. Let j(p) = p**3 - 2*p**2 - 2*p + 1. Let d be j(x). What is the units digit of 3 + 15/d + 39?
7
Let w(a) = 3*a**2 - 3*a + 1. Let g be w(4). Suppose 2*j + 46 = 3*o - 26, -g = -o + 5*j. What is the tens digit of o?
2
Suppose -5*c + 12114 = 4*x, 117*c - 12109 = 112*c + x. What is the thousands digit of c?
2
Suppose v = -q + 392, 4*v - q = -v + 1978. Suppose 5*l - 5*u - 395 = 0, 5*u = -l - 4*l + v. What is the tens digit of l?
7
Let n(h) be the third derivative of -h**6/120 + h**5/6 + 13*h**4/24 - 5*h**3/3 - 7*h**2. What is the tens digit of n(11)?
1
Let r be (-10)/3*12/(-10). Let q(j) = j**3 + 5*j - 1. Let c(v) = v**3 + v**2 + 6*v - 2. Let d(s) = -3*c(s) + 4*q(s). What is the units digit of d(r)?
6
What is the units digit of 183*1*(-15)/(-5)?
9
Let i(r) = 16*r - 15. Let n be i(2). Suppose n*g - 14*g - 81 = 0. What is the tens digit of g?
2
Let w be (0/(-4))/(-2) + 2 + 1. What is the units digit of (5 + -2)*(608/w)/4?
2
Let y(q) = q**3 + 2*q**2 - 10*q - 6. Let t be y(-4). What is the tens digit of -71*t/(-2) + -2 + -1?
6
What is the tens digit of (9968/(-392))/((-2)/14)?
7
What is the hundreds digit of 6/14 - 4436/(-28)*13?
0
Let c(r) = 34*r - 3. What is the hundreds digit of c(13)?
4
Suppose -5*k + 4*q = -12886, 2*k - 4155 - 1005 = 3*q. What is the tens digit of k?
7
Let c(t) = 9*t**2 + 3*t + 37. What is the hundreds digit of c(-9)?
7
Let g(p) = 1 - p - 50*p**3 - 1 + p**2 - 2. What is the units digit of g(-1)?
0
Suppose z - 31*l = -26*l + 1073, -3*z + 3299 = l. What is the thousands digit of z?
1
Let f be 3/18 + 6117/18. Suppose 4*s - f = -4*b, 173 = 2*s - b + 4*b. What is the tens digit of s?
8
Let v = -9 + 10. Let a be (v + -3)*(-296)/(-16). Let r = a + 94. What is the tens digit of r?
5
Let t be ((-11)/(-4) + -4)*-4. Suppose -t*g = -d + 10, -7 = -2*d - 2*g - g. Suppose 5*o - 100 = -d*z, 14 = o - 0*o - 5*z. What is the tens digit of o?
1
Let i(l) = 688*l**2 - 5*l + 3. What is the units digit of i(1)?
6
Let a be (2/(-3))/((-7)/42). Suppose -4*r + 334 = 3*j - 0*r, a*j + 4*r = 452. What is the tens digit of j?
1
Let r be 2 + -3 - -3 - -1. Suppose -d + 119 = 4*g, -g - 87 = -4*g - r*d. Let t = -12 + g. What is the units digit of t?
8
Let r be 10/(((-28)/8)/(-7)). Suppose 3*f + 80 + 0 = 2*x, r = -4*x. What is the units digit of ((-8)/(-20))/((-3)/f)?
4
Let h = 27 - 23. What is the tens digit of (-1 - h)/(-5)*59?
5
Let p(g) = -4*g + 28. Let z be p(4). Let x(v) = v**2 - 12*v + 15. What is the units digit of x(z)?
5
Let q(h) = 19*h + 36. What is the units digit of q(25)?
1
Suppose -p = -4*p + 72. Let k = p - 22. What is the units digit of (2/k)/(3/105)?
5
Suppose -50 = -2*n - 4. Suppose -2*p + n = -l + 3*p, 4*p = -l + 22. What is the units digit of l/(123/(-42) - -3)?
8
Let f be (4 - (4 + -8)) + -2. Let a be (-198)/44*(-8)/f. What is the tens digit of a/(-3) - -6 - -30?
3
Let z be 1/((-196)/100 + 2). Let t = -17 + z. What is the tens digit of (1 - 4/t)*68?
3
Let b(w) = 2*w + 11*w**2 - 76 - 69 + 143. What is the tens digit of b(-5)?
6
Suppose 7*z + 5*z - 1944 = 0. What is the units digit of z?
2
Let g(q) = -7*q + 14. Supp